 100377.
3, 19, 587
List the prime factors of 620.
2, 5, 31
List the prime factors of 21097.
17, 73
List the prime factors of 300.
2, 3, 5
List the prime factors of 2131.
2131
List the prime factors of 3869.
53, 73
What are the prime factors of 177?
3, 59
List the prime factors of 22146.
2, 3, 3691
What are the prime factors of 163?
163
What are the prime factors of 102814?
2, 51407
What are the prime factors of 9364?
2, 2341
List the prime factors of 87168.
2, 3, 227
List the prime factors of 1311.
3, 19, 23
List the prime factors of 87078.
2, 3, 23, 631
What are the prime factors of 4484?
2, 19, 59
List the prime factors of 5665.
5, 11, 103
List the prime factors of 4306.
2, 2153
List the prime factors of 39273.
3, 13, 19, 53
What are the prime factors of 1474?
2, 11, 67
List the prime factors of 3172.
2, 13, 61
List the prime factors of 127951.
127951
What are the prime factors of 9214?
2, 17, 271
What are the prime factors of 21413?
7, 19, 23
What are the prime factors of 2245?
5, 449
What are the prime factors of 24063?
3, 13, 617
What are the prime factors of 10580?
2, 5, 23
What are the prime factors of 6?
2, 3
What are the prime factors of 23673?
3, 13, 607
What are the prime factors of 26450?
2, 5, 23
List the prime factors of 171.
3, 19
List the prime factors of 10742.
2, 41, 131
What are the prime factors of 17774?
2, 8887
What are the prime factors of 226?
2, 113
What are the prime factors of 7941?
3, 2647
What are the prime factors of 6455?
5, 1291
List the prime factors of 32286.
2, 3, 5381
List the prime factors of 1178.
2, 19, 31
List the prime factors of 69951.
3, 7, 3331
List the prime factors of 1560.
2, 3, 5, 13
What are the prime factors of 1357?
23, 59
What are the prime factors of 925?
5, 37
What are the prime factors of 3001?
3001
List the prime factors of 1024.
2
List the prime factors of 132823.
317, 419
What are the prime factors of 5891?
43, 137
What are the prime factors of 2522?
2, 13, 97
List the prime factors of 17599.
17599
What are the prime factors of 1544?
2, 193
What are the prime factors of 5401?
11, 491
List the prime factors of 50954.
2, 73, 349
List the prime factors of 95.
5, 19
List the prime factors of 5864.
2, 733
List the prime factors of 77927.
149, 523
List the prime factors of 373.
373
What are the prime factors of 2622?
2, 3, 19, 23
List the prime factors of 62133.
3, 139, 149
What are the prime factors of 892?
2, 223
List the prime factors of 40803.
3, 7, 29, 67
What are the prime factors of 2255?
5, 11, 41
List the prime factors of 84326.
2, 11, 3833
List the prime factors of 18845.
5, 3769
What are the prime factors of 10934?
2, 7, 11, 71
List the prime factors of 4476.
2, 3, 373
List the prime factors of 6503.
7, 929
What are the prime factors of 4866?
2, 3, 811
What are the prime factors of 7300?
2, 5, 73
List the prime factors of 2782.
2, 13, 107
List the prime factors of 2996.
2, 7, 107
List the prime factors of 4569.
3, 1523
List the prime factors of 964.
2, 241
What are the prime factors of 2390?
2, 5, 239
List the prime factors of 449.
449
List the prime factors of 9048.
2, 3, 13, 29
What are the prime factors of 4497?
3, 1499
What are the prime factors of 10221?
3, 3407
What are the prime factors of 2877?
3, 7, 137
List the prime factors of 70301.
7, 11, 83
What are the prime factors of 127742?
2, 23, 2777
What are the prime factors of 9463?
9463
What are the prime factors of 134022?
2, 3, 7, 3191
What are the prime factors of 19726?
2, 7, 1409
What are the prime factors of 4840?
2, 5, 11
What are the prime factors of 40336?
2, 2521
What are the prime factors of 3100?
2, 5, 31
What are the prime factors of 205?
5, 41
What are the prime factors of 937?
937
List the prime factors of 12268.
2, 3067
List the prime factors of 3034.
2, 37, 41
What are the prime factors of 22449?
3, 7, 1069
List the prime factors of 10731.
3, 7, 73
List the prime factors of 30321.
3, 1123
List the prime factors of 19157.
19157
What are the prime factors of 40502?
2, 7, 11, 263
What are the prime factors of 91827?
3, 19, 179
List the prime factors of 9444.
2, 3, 787
What are the prime factors of 1890?
2, 3, 5, 7
What are the prime factors of 60137?
7, 11, 71
What are the prime factors of 46004?
2, 7, 31, 53
List the prime factors of 5003.
5003
List the prime factors of 14201.
11, 1291
What are the prime factors of 4828?
2, 17, 71
List the prime factors of 1420.
2, 5, 71
List the prime factors of 19594.
2, 97, 101
List the prime factors of 10189.
23, 443
List the prime factors of 2985.
3, 5, 199
List the prime factors of 23187.
3, 59, 131
List the prime factors of 37091.
29, 1279
What are the prime factors of 12399?
3, 4133
What are the prime factors of 2661?
3, 887
List the prime factors of 87.
3, 29
What are the prime factors of 1818?
2, 3, 101
What are the prime factors of 1805?
5, 19
What are the prime factors of 5092?
2, 19, 67
List the prime factors of 26436.
2, 3, 2203
What are the prime factors of 7222?
2, 23, 157
What are the prime factors of 1962?
2, 3, 109
List the prime factors of 49922.
2, 109, 229
List the prime factors of 7109.
7109
What are the prime factors of 4664?
2, 11, 53
List the prime factors of 2028.
2, 3, 13
List the prime factors of 12081.
3, 4027
List the prime factors of 20629.
7, 421
What are the prime factors of 3919?
3919
What are the prime factors of 19274?
2, 23, 419
What are the prime factors of 690?
2, 3, 5, 23
List the prime factors of 6703.
6703
What are the prime factors of 5224?
2, 653
What are the prime factors of 35240?
2, 5, 881
List the prime factors of 4171.
43, 97
What are the prime factors of 2977?
13, 229
What are the prime factors of 3135?
3, 5, 11, 19
What are the prime factors of 1787?
1787
What are the prime factors of 30608?
2, 1913
List the prime factors of 11945.
5, 2389
What are the prime factors of 12930?
2, 3, 5, 431
What are the prime factors of 10820?
2, 5, 541
What are the prime factors of 7011?
3, 19, 41
What are the prime factors of 16811?
16811
What are the prime factors of 1864?
2, 233
What are the prime factors of 768?
2, 3
List the prime factors of 1868.
2, 467
List the prime factors of 4606.
2, 7, 47
What are the prime factors of 5509?
7, 787
What are the prime factors of 439?
439
What are the prime factors of 23601?
3, 7867
List the prime factors of 3027.
3, 1009
List the prime factors of 8754.
2, 3, 1459
What are the prime factors of 8301?
3, 2767
List the prime factors of 1511.
1511
List the prime factors of 4494.
2, 3, 7, 107
What are the prime factors of 15950?
2, 5, 11, 29
What are the prime factors of 1192?
2, 149
List the prime factors of 6237.
3, 7, 11
What are the prime factors of 259?
7, 37
List the prime factors of 22839.
3, 23, 331
List the prime factors of 1837.
11, 167
What are the prime factors of 167?
167
List the prime factors of 1178.
2, 19, 31
What are the prime factors of 10332?
2, 3, 7, 41
What are the prime factors of 1182?
2, 3, 197
List the prime factors of 66500.
2, 5, 7, 19
List the prime factors of 1630.
2, 5, 163
What are the prime factors of 28281?
3, 11, 857
List the prime factors of 181.
181
List the prime factors of 381.
3, 127
List the prime factors of 45384.
2, 3, 31, 61
List the prime factors of 22054.
2, 11027
What are the prime factors of 51518?
2, 25759
List the prime factors of 1542.
2, 3, 257
List the prime factors of 61868.
2, 15467
List the prime factors of 1583.
1583
List the prime factors of 4804.
2, 1201
List the prime factors of 79608.
2, 3, 31, 107
What are the prime factors of 7034?
2, 3517
What are the prime factors of 7036?
2, 1759
List the prime factors of 40.
2, 5
List the prime factors of 5961.
3, 1987
List the prime factors of 13404.
2, 3, 1117
What are the prime factors of 26722?
2, 31, 431
What are the prime factors of 3170?
2, 5, 317
What are the prime factors of 9234?
2, 3, 19
List the prime factors of 3934.
2, 7, 281
What are the prime factors of 73899?
3, 7, 17, 23
What are the prime factors of 6035?
5, 17, 71
What are the prime factors of 1679?
23, 73
What are the prime factors of 17514?
2, 3, 7, 139
List the prime factors of 13913.
13913
What are the prime factors of 1263?
3, 421
What are the prime factors of 8111?
8111
List the prime factors of 27110.
2, 5, 2711
What are the 